{"version":"1.0","provider_name":"Di\u00e1rio da Lagoa","provider_url":"https:\/\/diariodalagoa.pt\/fr","author_name":"Di\u00e1rio da Lagoa","author_url":"https:\/\/diariodalagoa.pt\/fr\/author\/diariodalagoa\/","title":"\"Um regresso que se sa\u00fada\" - Di\u00e1rio da Lagoa","type":"rich","width":600,"height":338,"html":"<blockquote class=\"wp-embedded-content\" data-secret=\"rqeeuUNwaP\"><a href=\"https:\/\/diariodalagoa.pt\/fr\/um-regresso-que-se-sauda\/\">&#8220;Um regresso que se sa\u00fada&#8221;<\/a><\/blockquote><iframe sandbox=\"allow-scripts\" security=\"restricted\" src=\"https:\/\/diariodalagoa.pt\/fr\/um-regresso-que-se-sauda\/embed\/#?secret=rqeeuUNwaP\" width=\"600\" height=\"338\" title=\"\u00ab\u00a0&#8220;Um regresso que se sa\u00fada&#8221;\u00a0\u00bb &#8212; Di\u00e1rio da Lagoa\" data-secret=\"rqeeuUNwaP\" frameborder=\"0\" marginwidth=\"0\" marginheight=\"0\" scrolling=\"no\" class=\"wp-embedded-content\"><\/iframe><script type=\"text\/javascript\">\n\/*! This file is auto-generated *\/\n!function(c,d){\"use strict\";var e=!1,o=!1;if(d.querySelector)if(c.addEventListener)e=!0;if(c.wp=c.wp||{},c.wp.receiveEmbedMessage);else if(c.wp.receiveEmbedMessage=function(e){var t=e.data;if(!t);else if(!(t.secret||t.message||t.value));else if(\/[^a-zA-Z0-9]\/.test(t.secret));else{for(var r,s,a,i=d.querySelectorAll('iframe[data-secret=\"'+t.secret+'\"]'),n=d.querySelectorAll('blockquote[data-secret=\"'+t.secret+'\"]'),o=new RegExp(\"^https?:$\",\"i\"),l=0;l<n.length;l++)n[l].style.display=\"none\";for(l=0;l<i.length;l++)if(r=i[l],e.source!==r.contentWindow);else{if(r.removeAttribute(\"style\"),\"height\"===t.message){if(1e3<(s=parseInt(t.value,10)))s=1e3;else if(~~s<200)s=200;r.height=s}if(\"link\"===t.message)if(s=d.createElement(\"a\"),a=d.createElement(\"a\"),s.href=r.getAttribute(\"src\"),a.href=t.value,!o.test(a.protocol));else if(a.host===s.host)if(d.activeElement===r)c.top.location.href=t.value}}},e)c.addEventListener(\"message\",c.wp.receiveEmbedMessage,!1),d.addEventListener(\"DOMContentLoaded\",t,!1),c.addEventListener(\"load\",t,!1);function t(){if(o);else{o=!0;for(var e,t,r,s=-1!==navigator.appVersion.indexOf(\"MSIE 10\"),a=!!navigator.userAgent.match(\/Trident.*rv:11\\.\/),i=d.querySelectorAll(\"iframe.wp-embedded-content\"),n=0;n<i.length;n++){if(!(r=(t=i[n]).getAttribute(\"data-secret\")))r=Math.random().toString(36).substr(2,10),t.src+=\"#?secret=\"+r,t.setAttribute(\"data-secret\",r);if(s||a)(e=t.cloneNode(!0)).removeAttribute(\"security\"),t.parentNode.replaceChild(e,t);t.contentWindow.postMessage({message:\"ready\",secret:r},\"*\")}}}}(window,document);\n<\/script>","description":"Passados 77 anos sobre a publica\u00e7\u00e3o do \u00faltimo jornal no concelho da Lagoa, eis que surge novamente um \u00f3rg\u00e3o de comunica\u00e7\u00e3o social escrita. \u00c9 um regresso que saudamos efusivamente. Os jornais como ve\u00edculos de comunica\u00e7\u00e3o, s\u00e3o indispens\u00e1veis nas comunidades, informam, divulgam, incentivam a troca de ideias e proporcionam o debate das mesmas, constituindo aut\u00eanticos ve\u00edculos [&hellip;]"}

Diário da Lagoa

"Um regresso que se saúda" - Diário da Lagoa

<blockquote class="wp-embedded-content" data-secret="rqeeuUNwaP"><a href="https://diariodalagoa.pt/fr/um-regresso-que-se-sauda/">&#8220;Um regresso que se saúda&#8221;</a></blockquote><iframe sandbox="allow-scripts" security="restricted" src="https://diariodalagoa.pt/fr/um-regresso-que-se-sauda/embed/#?secret=rqeeuUNwaP" width="600" height="338" title="« &#8220;Um regresso que se saúda&#8221; » &#8212; Diário da Lagoa" data-secret="rqeeuUNwaP" frameborder="0" marginwidth="0" marginheight="0" scrolling="no" class="wp-embedded-content"></iframe><script type="text/javascript">
/*! This file is auto-generated */
!function(c,d){"use strict";var e=!1,o=!1;if(d.querySelector)if(c.addEventListener)e=!0;if(c.wp=c.wp||{},c.wp.receiveEmbedMessage);else if(c.wp.receiveEmbedMessage=function(e){var t=e.data;if(!t);else if(!(t.secret||t.message||t.value));else if(/[^a-zA-Z0-9]/.test(t.secret));else{for(var r,s,a,i=d.querySelectorAll('iframe[data-secret="'+t.secret+'"]'),n=d.querySelectorAll('blockquote[data-secret="'+t.secret+'"]'),o=new RegExp("^https?:$","i"),l=0;l<n.length;l++)n[l].style.display="none";for(l=0;l<i.length;l++)if(r=i[l],e.source!==r.contentWindow);else{if(r.removeAttribute("style"),"height"===t.message){if(1e3<(s=parseInt(t.value,10)))s=1e3;else if(~~s<200)s=200;r.height=s}if("link"===t.message)if(s=d.createElement("a"),a=d.createElement("a"),s.href=r.getAttribute("src"),a.href=t.value,!o.test(a.protocol));else if(a.host===s.host)if(d.activeElement===r)c.top.location.href=t.value}}},e)c.addEventListener("message",c.wp.receiveEmbedMessage,!1),d.addEventListener("DOMContentLoaded",t,!1),c.addEventListener("load",t,!1);function t(){if(o);else{o=!0;for(var e,t,r,s=-1!==navigator.appVersion.indexOf("MSIE 10"),a=!!navigator.userAgent.match(/Trident.*rv:11\./),i=d.querySelectorAll("iframe.wp-embedded-content"),n=0;n<i.length;n++){if(!(r=(t=i[n]).getAttribute("data-secret")))r=Math.random().toString(36).substr(2,10),t.src+="#?secret="+r,t.setAttribute("data-secret",r);if(s||a)(e=t.cloneNode(!0)).removeAttribute("security"),t.parentNode.replaceChild(e,t);t.contentWindow.postMessage({message:"ready",secret:r},"*")}}}}(window,document);
</script>

Passados 77 anos sobre a publicação do último jornal no concelho da Lagoa, eis que surge novamente um órgão de comunicação social escrita. É um regresso que saudamos efusivamente. Os jornais como veículos de comunicação, são indispensáveis nas comunidades, informam, divulgam, incentivam a troca de ideias e proporcionam o debate das mesmas, constituindo autênticos veículos [&hellip;]
