{"version":"1.0","provider_name":"Di\u00e1rio da Lagoa","provider_url":"https:\/\/diariodalagoa.pt\/fr","author_name":"Di\u00e1rio da Lagoa","author_url":"https:\/\/diariodalagoa.pt\/fr\/author\/diariodalagoa\/","title":"Mem\u00f3rias norueguesas - Di\u00e1rio da Lagoa","type":"rich","width":600,"height":338,"html":"<blockquote class=\"wp-embedded-content\" data-secret=\"6rD658jBp0\"><a href=\"https:\/\/diariodalagoa.pt\/fr\/memorias-norueguesas\/\">Mem\u00f3rias norueguesas<\/a><\/blockquote><iframe sandbox=\"allow-scripts\" security=\"restricted\" src=\"https:\/\/diariodalagoa.pt\/fr\/memorias-norueguesas\/embed\/#?secret=6rD658jBp0\" width=\"600\" height=\"338\" title=\"\u00ab\u00a0Mem\u00f3rias norueguesas\u00a0\u00bb &#8212; Di\u00e1rio da Lagoa\" data-secret=\"6rD658jBp0\" frameborder=\"0\" marginwidth=\"0\" marginheight=\"0\" scrolling=\"no\" class=\"wp-embedded-content\"><\/iframe><script type=\"text\/javascript\">\n\/*! This file is auto-generated *\/\n!function(c,d){\"use strict\";var e=!1,o=!1;if(d.querySelector)if(c.addEventListener)e=!0;if(c.wp=c.wp||{},c.wp.receiveEmbedMessage);else if(c.wp.receiveEmbedMessage=function(e){var t=e.data;if(!t);else if(!(t.secret||t.message||t.value));else if(\/[^a-zA-Z0-9]\/.test(t.secret));else{for(var r,s,a,i=d.querySelectorAll('iframe[data-secret=\"'+t.secret+'\"]'),n=d.querySelectorAll('blockquote[data-secret=\"'+t.secret+'\"]'),o=new RegExp(\"^https?:$\",\"i\"),l=0;l<n.length;l++)n[l].style.display=\"none\";for(l=0;l<i.length;l++)if(r=i[l],e.source!==r.contentWindow);else{if(r.removeAttribute(\"style\"),\"height\"===t.message){if(1e3<(s=parseInt(t.value,10)))s=1e3;else if(~~s<200)s=200;r.height=s}if(\"link\"===t.message)if(s=d.createElement(\"a\"),a=d.createElement(\"a\"),s.href=r.getAttribute(\"src\"),a.href=t.value,!o.test(a.protocol));else if(a.host===s.host)if(d.activeElement===r)c.top.location.href=t.value}}},e)c.addEventListener(\"message\",c.wp.receiveEmbedMessage,!1),d.addEventListener(\"DOMContentLoaded\",t,!1),c.addEventListener(\"load\",t,!1);function t(){if(o);else{o=!0;for(var e,t,r,s=-1!==navigator.appVersion.indexOf(\"MSIE 10\"),a=!!navigator.userAgent.match(\/Trident.*rv:11\\.\/),i=d.querySelectorAll(\"iframe.wp-embedded-content\"),n=0;n<i.length;n++){if(!(r=(t=i[n]).getAttribute(\"data-secret\")))r=Math.random().toString(36).substr(2,10),t.src+=\"#?secret=\"+r,t.setAttribute(\"data-secret\",r);if(s||a)(e=t.cloneNode(!0)).removeAttribute(\"security\"),t.parentNode.replaceChild(e,t);t.contentWindow.postMessage({message:\"ready\",secret:r},\"*\")}}}}(window,document);\n<\/script>","thumbnail_url":"https:\/\/diariodalagoa.pt\/wp-content\/uploads\/2014\/06\/paulo-casaca-europa-dia-mundial-4.jpg","thumbnail_width":720,"thumbnail_height":382,"description":"\u00a0 Depois de um atraso inicial de uma hora, o capit\u00e3o do navio de Fjord Lines anuncia sucessivos atrasos por problemas com os motores na partida do catamar\u00e3 de Hirtshals na Dinamarca para Kristiansand na Noruega.\u00a0 Afinal n\u00e3o \u00e9 s\u00f3 na travessia dos canais de S\u00e3o Jorge ou do Faial para o Pico que os [&hellip;]"}

Diário da Lagoa

Memórias norueguesas - Diário da Lagoa

<blockquote class="wp-embedded-content" data-secret="6rD658jBp0"><a href="https://diariodalagoa.pt/fr/memorias-norueguesas/">Memórias norueguesas</a></blockquote><iframe sandbox="allow-scripts" security="restricted" src="https://diariodalagoa.pt/fr/memorias-norueguesas/embed/#?secret=6rD658jBp0" width="600" height="338" title="« Memórias norueguesas » &#8212; Diário da Lagoa" data-secret="6rD658jBp0" frameborder="0" marginwidth="0" marginheight="0" scrolling="no" class="wp-embedded-content"></iframe><script type="text/javascript">
/*! This file is auto-generated */
!function(c,d){"use strict";var e=!1,o=!1;if(d.querySelector)if(c.addEventListener)e=!0;if(c.wp=c.wp||{},c.wp.receiveEmbedMessage);else if(c.wp.receiveEmbedMessage=function(e){var t=e.data;if(!t);else if(!(t.secret||t.message||t.value));else if(/[^a-zA-Z0-9]/.test(t.secret));else{for(var r,s,a,i=d.querySelectorAll('iframe[data-secret="'+t.secret+'"]'),n=d.querySelectorAll('blockquote[data-secret="'+t.secret+'"]'),o=new RegExp("^https?:$","i"),l=0;l<n.length;l++)n[l].style.display="none";for(l=0;l<i.length;l++)if(r=i[l],e.source!==r.contentWindow);else{if(r.removeAttribute("style"),"height"===t.message){if(1e3<(s=parseInt(t.value,10)))s=1e3;else if(~~s<200)s=200;r.height=s}if("link"===t.message)if(s=d.createElement("a"),a=d.createElement("a"),s.href=r.getAttribute("src"),a.href=t.value,!o.test(a.protocol));else if(a.host===s.host)if(d.activeElement===r)c.top.location.href=t.value}}},e)c.addEventListener("message",c.wp.receiveEmbedMessage,!1),d.addEventListener("DOMContentLoaded",t,!1),c.addEventListener("load",t,!1);function t(){if(o);else{o=!0;for(var e,t,r,s=-1!==navigator.appVersion.indexOf("MSIE 10"),a=!!navigator.userAgent.match(/Trident.*rv:11\./),i=d.querySelectorAll("iframe.wp-embedded-content"),n=0;n<i.length;n++){if(!(r=(t=i[n]).getAttribute("data-secret")))r=Math.random().toString(36).substr(2,10),t.src+="#?secret="+r,t.setAttribute("data-secret",r);if(s||a)(e=t.cloneNode(!0)).removeAttribute("security"),t.parentNode.replaceChild(e,t);t.contentWindow.postMessage({message:"ready",secret:r},"*")}}}}(window,document);
</script>

Depois de um atraso inicial de uma hora, o capitão do navio de Fjord Lines anuncia sucessivos atrasos por problemas com os motores na partida do catamarã de Hirtshals na Dinamarca para Kristiansand na Noruega.  Afinal não é só na travessia dos canais de São Jorge ou do Faial para o Pico que os [&hellip;]
