{"version":"1.0","provider_name":"Di\u00e1rio da Lagoa","provider_url":"https:\/\/diariodalagoa.pt\/es","author_name":"Di\u00e1rio da Lagoa","author_url":"https:\/\/diariodalagoa.pt\/es\/author\/diariodalagoa\/","title":"Fontes\/Refer\u00eancias utilizadas:\u00a0Alberto Carlos Paula de Oliveira - Di\u00e1rio da Lagoa","type":"rich","width":600,"height":338,"html":"<blockquote class=\"wp-embedded-content\" data-secret=\"VGzWUPYGP3\"><a href=\"https:\/\/diariodalagoa.pt\/es\/fontes-referencias-utilizadas-alberto-carlos-paula-de-oliveira\/\">Fontes\/Refer\u00eancias utilizadas:\u00a0Alberto Carlos Paula de Oliveira<\/a><\/blockquote><iframe sandbox=\"allow-scripts\" security=\"restricted\" src=\"https:\/\/diariodalagoa.pt\/es\/fontes-referencias-utilizadas-alberto-carlos-paula-de-oliveira\/embed\/#?secret=VGzWUPYGP3\" width=\"600\" height=\"338\" title=\"\u00abFontes\/Refer\u00eancias utilizadas:\u00a0Alberto Carlos Paula de Oliveira\u00bb \u2014 Di\u00e1rio da Lagoa\" data-secret=\"VGzWUPYGP3\" frameborder=\"0\" marginwidth=\"0\" marginheight=\"0\" scrolling=\"no\" class=\"wp-embedded-content\"><\/iframe><script type=\"text\/javascript\">\n\/*! This file is auto-generated *\/\n!function(c,d){\"use strict\";var e=!1,o=!1;if(d.querySelector)if(c.addEventListener)e=!0;if(c.wp=c.wp||{},c.wp.receiveEmbedMessage);else if(c.wp.receiveEmbedMessage=function(e){var t=e.data;if(!t);else if(!(t.secret||t.message||t.value));else if(\/[^a-zA-Z0-9]\/.test(t.secret));else{for(var r,s,a,i=d.querySelectorAll('iframe[data-secret=\"'+t.secret+'\"]'),n=d.querySelectorAll('blockquote[data-secret=\"'+t.secret+'\"]'),o=new RegExp(\"^https?:$\",\"i\"),l=0;l<n.length;l++)n[l].style.display=\"none\";for(l=0;l<i.length;l++)if(r=i[l],e.source!==r.contentWindow);else{if(r.removeAttribute(\"style\"),\"height\"===t.message){if(1e3<(s=parseInt(t.value,10)))s=1e3;else if(~~s<200)s=200;r.height=s}if(\"link\"===t.message)if(s=d.createElement(\"a\"),a=d.createElement(\"a\"),s.href=r.getAttribute(\"src\"),a.href=t.value,!o.test(a.protocol));else if(a.host===s.host)if(d.activeElement===r)c.top.location.href=t.value}}},e)c.addEventListener(\"message\",c.wp.receiveEmbedMessage,!1),d.addEventListener(\"DOMContentLoaded\",t,!1),c.addEventListener(\"load\",t,!1);function t(){if(o);else{o=!0;for(var e,t,r,s=-1!==navigator.appVersion.indexOf(\"MSIE 10\"),a=!!navigator.userAgent.match(\/Trident.*rv:11\\.\/),i=d.querySelectorAll(\"iframe.wp-embedded-content\"),n=0;n<i.length;n++){if(!(r=(t=i[n]).getAttribute(\"data-secret\")))r=Math.random().toString(36).substr(2,10),t.src+=\"#?secret=\"+r,t.setAttribute(\"data-secret\",r);if(s||a)(e=t.cloneNode(!0)).removeAttribute(\"security\"),t.parentNode.replaceChild(e,t);t.contentWindow.postMessage({message:\"ready\",secret:r},\"*\")}}}}(window,document);\n<\/script>","description":"Manuscritas Actas de Verea\u00e7\u00e3o de 1943-1945 Jornal\u00edsticas Jornal Correio dos A\u00e7ores de 30 de Novembro de 1943 Jornal Correio dos A\u00e7ores de 12 de Dezembro de 1943 Jornal Correio dos A\u00e7ores de 15 de Novembro de 1944 Jornal Correio dos A\u00e7ores de 15 de Dezembro de 1944 Imagem: Galeria de Presidentes da C\u00e2mara Municipal de [&hellip;]"}

Diário da Lagoa

Fontes/Referências utilizadas: Alberto Carlos Paula de Oliveira - Diário da Lagoa

<blockquote class="wp-embedded-content" data-secret="VGzWUPYGP3"><a href="https://diariodalagoa.pt/es/fontes-referencias-utilizadas-alberto-carlos-paula-de-oliveira/">Fontes/Referências utilizadas: Alberto Carlos Paula de Oliveira</a></blockquote><iframe sandbox="allow-scripts" security="restricted" src="https://diariodalagoa.pt/es/fontes-referencias-utilizadas-alberto-carlos-paula-de-oliveira/embed/#?secret=VGzWUPYGP3" width="600" height="338" title="«Fontes/Referências utilizadas: Alberto Carlos Paula de Oliveira» — Diário da Lagoa" data-secret="VGzWUPYGP3" frameborder="0" marginwidth="0" marginheight="0" scrolling="no" class="wp-embedded-content"></iframe><script type="text/javascript">
/*! This file is auto-generated */
!function(c,d){"use strict";var e=!1,o=!1;if(d.querySelector)if(c.addEventListener)e=!0;if(c.wp=c.wp||{},c.wp.receiveEmbedMessage);else if(c.wp.receiveEmbedMessage=function(e){var t=e.data;if(!t);else if(!(t.secret||t.message||t.value));else if(/[^a-zA-Z0-9]/.test(t.secret));else{for(var r,s,a,i=d.querySelectorAll('iframe[data-secret="'+t.secret+'"]'),n=d.querySelectorAll('blockquote[data-secret="'+t.secret+'"]'),o=new RegExp("^https?:$","i"),l=0;l<n.length;l++)n[l].style.display="none";for(l=0;l<i.length;l++)if(r=i[l],e.source!==r.contentWindow);else{if(r.removeAttribute("style"),"height"===t.message){if(1e3<(s=parseInt(t.value,10)))s=1e3;else if(~~s<200)s=200;r.height=s}if("link"===t.message)if(s=d.createElement("a"),a=d.createElement("a"),s.href=r.getAttribute("src"),a.href=t.value,!o.test(a.protocol));else if(a.host===s.host)if(d.activeElement===r)c.top.location.href=t.value}}},e)c.addEventListener("message",c.wp.receiveEmbedMessage,!1),d.addEventListener("DOMContentLoaded",t,!1),c.addEventListener("load",t,!1);function t(){if(o);else{o=!0;for(var e,t,r,s=-1!==navigator.appVersion.indexOf("MSIE 10"),a=!!navigator.userAgent.match(/Trident.*rv:11\./),i=d.querySelectorAll("iframe.wp-embedded-content"),n=0;n<i.length;n++){if(!(r=(t=i[n]).getAttribute("data-secret")))r=Math.random().toString(36).substr(2,10),t.src+="#?secret="+r,t.setAttribute("data-secret",r);if(s||a)(e=t.cloneNode(!0)).removeAttribute("security"),t.parentNode.replaceChild(e,t);t.contentWindow.postMessage({message:"ready",secret:r},"*")}}}}(window,document);
</script>

Manuscritas Actas de Vereação de 1943-1945 Jornalísticas Jornal Correio dos Açores de 30 de Novembro de 1943 Jornal Correio dos Açores de 12 de Dezembro de 1943 Jornal Correio dos Açores de 15 de Novembro de 1944 Jornal Correio dos Açores de 15 de Dezembro de 1944 Imagem: Galeria de Presidentes da Câmara Municipal de [&hellip;]
