{"id":109517,"date":"2023-06-30T10:32:13","date_gmt":"2023-06-30T10:32:13","guid":{"rendered":"https:\/\/diariodalagoa.pt\/?page_id=109517"},"modified":"2023-07-05T15:26:42","modified_gmt":"2023-07-05T15:26:42","slug":"area-do-utilizador","status":"publish","type":"page","link":"https:\/\/diariodalagoa.pt\/en\/area-do-utilizador\/","title":{"rendered":"User Area"},"content":{"rendered":"","protected":false},"excerpt":{"rendered":"","protected":false},"author":1,"featured_media":0,"parent":0,"menu_order":0,"comment_status":"closed","ping_status":"closed","template":"template-userarea.php","meta":[],"acf":[],"yoast_head":"<!-- This site is optimized with the Yoast SEO plugin v20.10 - https:\/\/yoast.com\/wordpress\/plugins\/seo\/ -->\n<title>\u00c1rea do Utilizador - Di\u00e1rio da Lagoa | Not\u00edcias que Contam - A\u00e7ores<\/title>\n<meta name=\"description\" content=\"Aceda \u00e0 sua \u00e1rea do utilizador e verifique os dados da sua conta, bem como a sua subscri\u00e7\u00e3o. No Di\u00e1rio da Lagoa, contamos mais que hist\u00f3rias.\" \/>\n<meta name=\"robots\" content=\"index, follow, max-snippet:-1, max-image-preview:large, max-video-preview:-1\" \/>\n<link rel=\"canonical\" href=\"https:\/\/diariodalagoa.pt\/en\/area-do-utilizador\/\" \/>\n<meta property=\"og:locale\" content=\"en_US\" \/>\n<meta property=\"og:type\" content=\"article\" \/>\n<meta property=\"og:title\" content=\"\u00c1rea do Utilizador - Di\u00e1rio da Lagoa | Not\u00edcias que Contam - A\u00e7ores\" \/>\n<meta property=\"og:description\" content=\"Aceda \u00e0 sua \u00e1rea do utilizador e verifique os dados da sua conta, bem como a sua subscri\u00e7\u00e3o. No Di\u00e1rio da Lagoa, contamos mais que hist\u00f3rias.\" \/>\n<meta property=\"og:url\" content=\"https:\/\/diariodalagoa.pt\/en\/area-do-utilizador\/\" \/>\n<meta property=\"og:site_name\" content=\"Di\u00e1rio da Lagoa\" \/>\n<meta property=\"article:modified_time\" content=\"2023-07-05T15:26:42+00:00\" \/>\n<meta name=\"twitter:card\" content=\"summary_large_image\" \/>\n<script type=\"application\/ld+json\" class=\"yoast-schema-graph\">{\"@context\":\"https:\/\/schema.org\",\"@graph\":[{\"@type\":\"WebPage\",\"@id\":\"https:\/\/diariodalagoa.pt\/area-do-utilizador\/\",\"url\":\"https:\/\/diariodalagoa.pt\/area-do-utilizador\/\",\"name\":\"\u00c1rea do Utilizador - Di\u00e1rio da Lagoa | Not\u00edcias que Contam - A\u00e7ores\",\"isPartOf\":{\"@id\":\"https:\/\/diariodalagoa.pt\/#website\"},\"datePublished\":\"2023-06-30T10:32:13+00:00\",\"dateModified\":\"2023-07-05T15:26:42+00:00\",\"description\":\"Aceda \u00e0 sua \u00e1rea do utilizador e verifique os dados da sua conta, bem como a sua subscri\u00e7\u00e3o. No Di\u00e1rio da Lagoa, contamos mais que hist\u00f3rias.\",\"breadcrumb\":{\"@id\":\"https:\/\/diariodalagoa.pt\/area-do-utilizador\/#breadcrumb\"},\"inLanguage\":\"en-US\",\"potentialAction\":[{\"@type\":\"ReadAction\",\"target\":[\"https:\/\/diariodalagoa.pt\/area-do-utilizador\/\"]}]},{\"@type\":\"BreadcrumbList\",\"@id\":\"https:\/\/diariodalagoa.pt\/area-do-utilizador\/#breadcrumb\",\"itemListElement\":[{\"@type\":\"ListItem\",\"position\":1,\"name\":\"In\u00edcio\",\"item\":\"https:\/\/diariodalagoa.pt\/\"},{\"@type\":\"ListItem\",\"position\":2,\"name\":\"\u00c1rea do Utilizador\"}]},{\"@type\":\"WebSite\",\"@id\":\"https:\/\/diariodalagoa.pt\/#website\",\"url\":\"https:\/\/diariodalagoa.pt\/\",\"name\":\"Di\u00e1rio da Lagoa\",\"description\":\"Di\u00e1rio da Lagoa. As not\u00edcias que contam. A partir da Lagoa, nos A\u00e7ores, para o mundo.\",\"potentialAction\":[{\"@type\":\"SearchAction\",\"target\":{\"@type\":\"EntryPoint\",\"urlTemplate\":\"https:\/\/diariodalagoa.pt\/?s={search_term_string}\"},\"query-input\":\"required name=search_term_string\"}],\"inLanguage\":\"en-US\"}]}<\/script>\n<!-- \/ Yoast SEO plugin. -->","yoast_head_json":{"title":"\u00c1rea do Utilizador - Di\u00e1rio da Lagoa | Not\u00edcias que Contam - A\u00e7ores","description":"Aceda \u00e0 sua \u00e1rea do utilizador e verifique os dados da sua conta, bem como a sua subscri\u00e7\u00e3o. No Di\u00e1rio da Lagoa, contamos mais que hist\u00f3rias.","robots":{"index":"index","follow":"follow","max-snippet":"max-snippet:-1","max-image-preview":"max-image-preview:large","max-video-preview":"max-video-preview:-1"},"canonical":"https:\/\/diariodalagoa.pt\/en\/area-do-utilizador\/","og_locale":"en_US","og_type":"article","og_title":"\u00c1rea do Utilizador - Di\u00e1rio da Lagoa | Not\u00edcias que Contam - A\u00e7ores","og_description":"Aceda \u00e0 sua \u00e1rea do utilizador e verifique os dados da sua conta, bem como a sua subscri\u00e7\u00e3o. No Di\u00e1rio da Lagoa, contamos mais que hist\u00f3rias.","og_url":"https:\/\/diariodalagoa.pt\/en\/area-do-utilizador\/","og_site_name":"Di\u00e1rio da Lagoa","article_modified_time":"2023-07-05T15:26:42+00:00","twitter_card":"summary_large_image","schema":{"@context":"https:\/\/schema.org","@graph":[{"@type":"WebPage","@id":"https:\/\/diariodalagoa.pt\/area-do-utilizador\/","url":"https:\/\/diariodalagoa.pt\/area-do-utilizador\/","name":"\u00c1rea do Utilizador - Di\u00e1rio da Lagoa | Not\u00edcias que Contam - A\u00e7ores","isPartOf":{"@id":"https:\/\/diariodalagoa.pt\/#website"},"datePublished":"2023-06-30T10:32:13+00:00","dateModified":"2023-07-05T15:26:42+00:00","description":"Aceda \u00e0 sua \u00e1rea do utilizador e verifique os dados da sua conta, bem como a sua subscri\u00e7\u00e3o. No Di\u00e1rio da Lagoa, contamos mais que hist\u00f3rias.","breadcrumb":{"@id":"https:\/\/diariodalagoa.pt\/area-do-utilizador\/#breadcrumb"},"inLanguage":"en-US","potentialAction":[{"@type":"ReadAction","target":["https:\/\/diariodalagoa.pt\/area-do-utilizador\/"]}]},{"@type":"BreadcrumbList","@id":"https:\/\/diariodalagoa.pt\/area-do-utilizador\/#breadcrumb","itemListElement":[{"@type":"ListItem","position":1,"name":"In\u00edcio","item":"https:\/\/diariodalagoa.pt\/"},{"@type":"ListItem","position":2,"name":"\u00c1rea do Utilizador"}]},{"@type":"WebSite","@id":"https:\/\/diariodalagoa.pt\/#website","url":"https:\/\/diariodalagoa.pt\/","name":"Di\u00e1rio da Lagoa","description":"Di\u00e1rio da Lagoa. As not\u00edcias que contam. A partir da Lagoa, nos A\u00e7ores, para o mundo.","potentialAction":[{"@type":"SearchAction","target":{"@type":"EntryPoint","urlTemplate":"https:\/\/diariodalagoa.pt\/?s={search_term_string}"},"query-input":"required name=search_term_string"}],"inLanguage":"en-US"}]}},"_links":{"self":[{"href":"https:\/\/diariodalagoa.pt\/en\/wp-json\/wp\/v2\/pages\/109517"}],"collection":[{"href":"https:\/\/diariodalagoa.pt\/en\/wp-json\/wp\/v2\/pages"}],"about":[{"href":"https:\/\/diariodalagoa.pt\/en\/wp-json\/wp\/v2\/types\/page"}],"author":[{"embeddable":true,"href":"https:\/\/diariodalagoa.pt\/en\/wp-json\/wp\/v2\/users\/1"}],"replies":[{"embeddable":true,"href":"https:\/\/diariodalagoa.pt\/en\/wp-json\/wp\/v2\/comments?post=109517"}],"version-history":[{"count":1,"href":"https:\/\/diariodalagoa.pt\/en\/wp-json\/wp\/v2\/pages\/109517\/revisions"}],"predecessor-version":[{"id":109518,"href":"https:\/\/diariodalagoa.pt\/en\/wp-json\/wp\/v2\/pages\/109517\/revisions\/109518"}],"wp:attachment":[{"href":"https:\/\/diariodalagoa.pt\/en\/wp-json\/wp\/v2\/media?parent=109517"}],"curies":[{"name":"wp","href":"https:\/\/api.w.org\/{rel}","templated":true}]}}

<!-- This site is optimized with the Yoast SEO plugin v20.10 - https://yoast.com/wordpress/plugins/seo/ -->
<title>Área do Utilizador - Diário da Lagoa | Notícias que Contam - Açores</title>
<meta name="description" content="Aceda à sua área do utilizador e verifique os dados da sua conta, bem como a sua subscrição. No Diário da Lagoa, contamos mais que histórias." />
<meta name="robots" content="index, follow, max-snippet:-1, max-image-preview:large, max-video-preview:-1" />
<link rel="canonical" href="https://diariodalagoa.pt/en/area-do-utilizador/" />
<meta property="og:locale" content="en_US" />
<meta property="og:type" content="article" />
<meta property="og:title" content="Área do Utilizador - Diário da Lagoa | Notícias que Contam - Açores" />
<meta property="og:description" content="Aceda à sua área do utilizador e verifique os dados da sua conta, bem como a sua subscrição. No Diário da Lagoa, contamos mais que histórias." />
<meta property="og:url" content="https://diariodalagoa.pt/en/area-do-utilizador/" />
<meta property="og:site_name" content="Diário da Lagoa" />
<meta property="article:modified_time" content="2023-07-05T15:26:42+00:00" />
<meta name="twitter:card" content="summary_large_image" />
<script type="application/ld+json" class="yoast-schema-graph">{"@context":"https://schema.org","@graph":[{"@type":"WebPage","@id":"https://diariodalagoa.pt/area-do-utilizador/","url":"https://diariodalagoa.pt/area-do-utilizador/","name":"Área do Utilizador - Diário da Lagoa | Notícias que Contam - Açores","isPartOf":{"@id":"https://diariodalagoa.pt/#website"},"datePublished":"2023-06-30T10:32:13+00:00","dateModified":"2023-07-05T15:26:42+00:00","description":"Aceda à sua área do utilizador e verifique os dados da sua conta, bem como a sua subscrição. No Diário da Lagoa, contamos mais que histórias.","breadcrumb":{"@id":"https://diariodalagoa.pt/area-do-utilizador/#breadcrumb"},"inLanguage":"en-US","potentialAction":[{"@type":"ReadAction","target":["https://diariodalagoa.pt/area-do-utilizador/"]}]},{"@type":"BreadcrumbList","@id":"https://diariodalagoa.pt/area-do-utilizador/#breadcrumb","itemListElement":[{"@type":"ListItem","position":1,"name":"Início","item":"https://diariodalagoa.pt/"},{"@type":"ListItem","position":2,"name":"Área do Utilizador"}]},{"@type":"WebSite","@id":"https://diariodalagoa.pt/#website","url":"https://diariodalagoa.pt/","name":"Diário da Lagoa","description":"Diário da Lagoa. As notícias que contam. A partir da Lagoa, nos Açores, para o mundo.","potentialAction":[{"@type":"SearchAction","target":{"@type":"EntryPoint","urlTemplate":"https://diariodalagoa.pt/?s={search_term_string}"},"query-input":"required name=search_term_string"}],"inLanguage":"en-US"}]}</script>
<!-- / Yoast SEO plugin. -->

Área do Utilizador - Diário da Lagoa | Notícias que Contam - Açores

Aceda à sua área do utilizador e verifique os dados da sua conta, bem como a sua subscrição. No Diário da Lagoa, contamos mais que histórias.

Diário da Lagoa

Início

Área do Utilizador

Diário da Lagoa. As notícias que contam. A partir da Lagoa, nos Açores, para o mundo.
