{"version":"1.0","provider_name":"Di\u00e1rio da Lagoa","provider_url":"https:\/\/diariodalagoa.pt\/en","author_name":"Di\u00e1rio da Lagoa","author_url":"https:\/\/diariodalagoa.pt\/en\/author\/diariodalagoa\/","title":"Rebuscos & Respigos de \u00c1gua de Pau - 02 - Di\u00e1rio da Lagoa","type":"rich","width":600,"height":338,"html":"<blockquote class=\"wp-embedded-content\" data-secret=\"OtMHlLkD9e\"><a href=\"https:\/\/diariodalagoa.pt\/en\/rebuscos-respigos-de-agua-de-pau-02\/\">Rebuscos &#038; Respigos de \u00c1gua de Pau &#8211; 02<\/a><\/blockquote><iframe sandbox=\"allow-scripts\" security=\"restricted\" src=\"https:\/\/diariodalagoa.pt\/en\/rebuscos-respigos-de-agua-de-pau-02\/embed\/#?secret=OtMHlLkD9e\" width=\"600\" height=\"338\" title=\"&#8220;Rebuscos &#038; Respigos de \u00c1gua de Pau &#8211; 02&#8221; &#8212; Di\u00e1rio da Lagoa\" data-secret=\"OtMHlLkD9e\" frameborder=\"0\" marginwidth=\"0\" marginheight=\"0\" scrolling=\"no\" class=\"wp-embedded-content\"><\/iframe><script type=\"text\/javascript\">\n\/*! This file is auto-generated *\/\n!function(c,d){\"use strict\";var e=!1,o=!1;if(d.querySelector)if(c.addEventListener)e=!0;if(c.wp=c.wp||{},c.wp.receiveEmbedMessage);else if(c.wp.receiveEmbedMessage=function(e){var t=e.data;if(!t);else if(!(t.secret||t.message||t.value));else if(\/[^a-zA-Z0-9]\/.test(t.secret));else{for(var r,s,a,i=d.querySelectorAll('iframe[data-secret=\"'+t.secret+'\"]'),n=d.querySelectorAll('blockquote[data-secret=\"'+t.secret+'\"]'),o=new RegExp(\"^https?:$\",\"i\"),l=0;l<n.length;l++)n[l].style.display=\"none\";for(l=0;l<i.length;l++)if(r=i[l],e.source!==r.contentWindow);else{if(r.removeAttribute(\"style\"),\"height\"===t.message){if(1e3<(s=parseInt(t.value,10)))s=1e3;else if(~~s<200)s=200;r.height=s}if(\"link\"===t.message)if(s=d.createElement(\"a\"),a=d.createElement(\"a\"),s.href=r.getAttribute(\"src\"),a.href=t.value,!o.test(a.protocol));else if(a.host===s.host)if(d.activeElement===r)c.top.location.href=t.value}}},e)c.addEventListener(\"message\",c.wp.receiveEmbedMessage,!1),d.addEventListener(\"DOMContentLoaded\",t,!1),c.addEventListener(\"load\",t,!1);function t(){if(o);else{o=!0;for(var e,t,r,s=-1!==navigator.appVersion.indexOf(\"MSIE 10\"),a=!!navigator.userAgent.match(\/Trident.*rv:11\\.\/),i=d.querySelectorAll(\"iframe.wp-embedded-content\"),n=0;n<i.length;n++){if(!(r=(t=i[n]).getAttribute(\"data-secret\")))r=Math.random().toString(36).substr(2,10),t.src+=\"#?secret=\"+r,t.setAttribute(\"data-secret\",r);if(s||a)(e=t.cloneNode(!0)).removeAttribute(\"security\"),t.parentNode.replaceChild(e,t);t.contentWindow.postMessage({message:\"ready\",secret:r},\"*\")}}}}(window,document);\n<\/script>","thumbnail_url":"https:\/\/diariodalagoa.pt\/wp-content\/uploads\/2019\/09\/1963-santiago-futebol-clube-set19-diario-da-lagoa-acores.jpg","thumbnail_width":960,"thumbnail_height":619,"description":"L\u00c1 QU\u2019T&#8217;AMANHAS! &#8211; Hist\u00f3rias da minha Inf\u00e2ncia em \u00c1gua de Pau Ainda eu andava de cal\u00e7a curta e j\u00e1 corria as ruas da minha terra com os meus amigos. Um dia fomos, eu e o Antero \u201c\u00e0-bola\u201d, l\u00e1 p\u2019r\u00e1s bandas do Paul, na nossa \u00c1gua de Pau. Assim c\u2019m\u00e1ssim a gente n\u00e3o pagava para entrar. [&hellip;]"}

Diário da Lagoa

Rebuscos & Respigos de Água de Pau - 02 - Diário da Lagoa

<blockquote class="wp-embedded-content" data-secret="OtMHlLkD9e"><a href="https://diariodalagoa.pt/en/rebuscos-respigos-de-agua-de-pau-02/">Rebuscos &#038; Respigos de Água de Pau &#8211; 02</a></blockquote><iframe sandbox="allow-scripts" security="restricted" src="https://diariodalagoa.pt/en/rebuscos-respigos-de-agua-de-pau-02/embed/#?secret=OtMHlLkD9e" width="600" height="338" title="&#8220;Rebuscos &#038; Respigos de Água de Pau &#8211; 02&#8221; &#8212; Diário da Lagoa" data-secret="OtMHlLkD9e" frameborder="0" marginwidth="0" marginheight="0" scrolling="no" class="wp-embedded-content"></iframe><script type="text/javascript">
/*! This file is auto-generated */
!function(c,d){"use strict";var e=!1,o=!1;if(d.querySelector)if(c.addEventListener)e=!0;if(c.wp=c.wp||{},c.wp.receiveEmbedMessage);else if(c.wp.receiveEmbedMessage=function(e){var t=e.data;if(!t);else if(!(t.secret||t.message||t.value));else if(/[^a-zA-Z0-9]/.test(t.secret));else{for(var r,s,a,i=d.querySelectorAll('iframe[data-secret="'+t.secret+'"]'),n=d.querySelectorAll('blockquote[data-secret="'+t.secret+'"]'),o=new RegExp("^https?:$","i"),l=0;l<n.length;l++)n[l].style.display="none";for(l=0;l<i.length;l++)if(r=i[l],e.source!==r.contentWindow);else{if(r.removeAttribute("style"),"height"===t.message){if(1e3<(s=parseInt(t.value,10)))s=1e3;else if(~~s<200)s=200;r.height=s}if("link"===t.message)if(s=d.createElement("a"),a=d.createElement("a"),s.href=r.getAttribute("src"),a.href=t.value,!o.test(a.protocol));else if(a.host===s.host)if(d.activeElement===r)c.top.location.href=t.value}}},e)c.addEventListener("message",c.wp.receiveEmbedMessage,!1),d.addEventListener("DOMContentLoaded",t,!1),c.addEventListener("load",t,!1);function t(){if(o);else{o=!0;for(var e,t,r,s=-1!==navigator.appVersion.indexOf("MSIE 10"),a=!!navigator.userAgent.match(/Trident.*rv:11\./),i=d.querySelectorAll("iframe.wp-embedded-content"),n=0;n<i.length;n++){if(!(r=(t=i[n]).getAttribute("data-secret")))r=Math.random().toString(36).substr(2,10),t.src+="#?secret="+r,t.setAttribute("data-secret",r);if(s||a)(e=t.cloneNode(!0)).removeAttribute("security"),t.parentNode.replaceChild(e,t);t.contentWindow.postMessage({message:"ready",secret:r},"*")}}}}(window,document);
</script>

LÁ QU’T&#8217;AMANHAS! &#8211; Histórias da minha Infância em Água de Pau Ainda eu andava de calça curta e já corria as ruas da minha terra com os meus amigos. Um dia fomos, eu e o Antero “à-bola”, lá p’rás bandas do Paul, na nossa Água de Pau. Assim c’mássim a gente não pagava para entrar. [&hellip;]
