{"version":"1.0","provider_name":"Di\u00e1rio da Lagoa","provider_url":"https:\/\/diariodalagoa.pt\/en","author_name":"Di\u00e1rio da Lagoa","author_url":"https:\/\/diariodalagoa.pt\/en\/author\/diariodalagoa\/","title":"O Cine Teatro Lagoense \u201cFrancisco d\u2019Amaral Almeida\u201d - Di\u00e1rio da Lagoa","type":"rich","width":600,"height":338,"html":"<blockquote class=\"wp-embedded-content\" data-secret=\"W0WnpSWS7R\"><a href=\"https:\/\/diariodalagoa.pt\/en\/o-cine-teatro-lagoense-francisco-damaral-almeida\/\">O Cine Teatro Lagoense \u201cFrancisco d\u2019Amaral Almeida\u201d<\/a><\/blockquote><iframe sandbox=\"allow-scripts\" security=\"restricted\" src=\"https:\/\/diariodalagoa.pt\/en\/o-cine-teatro-lagoense-francisco-damaral-almeida\/embed\/#?secret=W0WnpSWS7R\" width=\"600\" height=\"338\" title=\"&#8220;O Cine Teatro Lagoense \u201cFrancisco d\u2019Amaral Almeida\u201d&#8221; &#8212; Di\u00e1rio da Lagoa\" data-secret=\"W0WnpSWS7R\" frameborder=\"0\" marginwidth=\"0\" marginheight=\"0\" scrolling=\"no\" class=\"wp-embedded-content\"><\/iframe><script type=\"text\/javascript\">\n\/*! This file is auto-generated *\/\n!function(c,d){\"use strict\";var e=!1,o=!1;if(d.querySelector)if(c.addEventListener)e=!0;if(c.wp=c.wp||{},c.wp.receiveEmbedMessage);else if(c.wp.receiveEmbedMessage=function(e){var t=e.data;if(!t);else if(!(t.secret||t.message||t.value));else if(\/[^a-zA-Z0-9]\/.test(t.secret));else{for(var r,s,a,i=d.querySelectorAll('iframe[data-secret=\"'+t.secret+'\"]'),n=d.querySelectorAll('blockquote[data-secret=\"'+t.secret+'\"]'),o=new RegExp(\"^https?:$\",\"i\"),l=0;l<n.length;l++)n[l].style.display=\"none\";for(l=0;l<i.length;l++)if(r=i[l],e.source!==r.contentWindow);else{if(r.removeAttribute(\"style\"),\"height\"===t.message){if(1e3<(s=parseInt(t.value,10)))s=1e3;else if(~~s<200)s=200;r.height=s}if(\"link\"===t.message)if(s=d.createElement(\"a\"),a=d.createElement(\"a\"),s.href=r.getAttribute(\"src\"),a.href=t.value,!o.test(a.protocol));else if(a.host===s.host)if(d.activeElement===r)c.top.location.href=t.value}}},e)c.addEventListener(\"message\",c.wp.receiveEmbedMessage,!1),d.addEventListener(\"DOMContentLoaded\",t,!1),c.addEventListener(\"load\",t,!1);function t(){if(o);else{o=!0;for(var e,t,r,s=-1!==navigator.appVersion.indexOf(\"MSIE 10\"),a=!!navigator.userAgent.match(\/Trident.*rv:11\\.\/),i=d.querySelectorAll(\"iframe.wp-embedded-content\"),n=0;n<i.length;n++){if(!(r=(t=i[n]).getAttribute(\"data-secret\")))r=Math.random().toString(36).substr(2,10),t.src+=\"#?secret=\"+r,t.setAttribute(\"data-secret\",r);if(s||a)(e=t.cloneNode(!0)).removeAttribute(\"security\"),t.parentNode.replaceChild(e,t);t.contentWindow.postMessage({message:\"ready\",secret:r},\"*\")}}}}(window,document);\n<\/script>","thumbnail_url":"https:\/\/diariodalagoa.pt\/wp-content\/uploads\/2015\/02\/samdro-monteiro-opiniao-cronicas-antigamente-1.jpg","thumbnail_width":720,"thumbnail_height":378,"description":"O teatro, s\u00edmbolo e local para ascens\u00e3o e vangl\u00f3ria da burguesia, no s\u00e9c. XVIII, era local para a ostenta\u00e7\u00e3o de privil\u00e9gios dos bem-nascidos mas tamb\u00e9m espa\u00e7o de apresenta\u00e7\u00e3o, de oportunidade para rela\u00e7\u00f5es ou lan\u00e7amento de jovens com aspira\u00e7\u00f5es a carreira liter\u00e1ria e pol\u00edtica. Em Lisboa, o Teatro Nacional de S. Carlos foi inaugurado em 1793 [&hellip;]"}

Diário da Lagoa

O Cine Teatro Lagoense “Francisco d’Amaral Almeida” - Diário da Lagoa

<blockquote class="wp-embedded-content" data-secret="W0WnpSWS7R"><a href="https://diariodalagoa.pt/en/o-cine-teatro-lagoense-francisco-damaral-almeida/">O Cine Teatro Lagoense “Francisco d’Amaral Almeida”</a></blockquote><iframe sandbox="allow-scripts" security="restricted" src="https://diariodalagoa.pt/en/o-cine-teatro-lagoense-francisco-damaral-almeida/embed/#?secret=W0WnpSWS7R" width="600" height="338" title="&#8220;O Cine Teatro Lagoense “Francisco d’Amaral Almeida”&#8221; &#8212; Diário da Lagoa" data-secret="W0WnpSWS7R" frameborder="0" marginwidth="0" marginheight="0" scrolling="no" class="wp-embedded-content"></iframe><script type="text/javascript">
/*! This file is auto-generated */
!function(c,d){"use strict";var e=!1,o=!1;if(d.querySelector)if(c.addEventListener)e=!0;if(c.wp=c.wp||{},c.wp.receiveEmbedMessage);else if(c.wp.receiveEmbedMessage=function(e){var t=e.data;if(!t);else if(!(t.secret||t.message||t.value));else if(/[^a-zA-Z0-9]/.test(t.secret));else{for(var r,s,a,i=d.querySelectorAll('iframe[data-secret="'+t.secret+'"]'),n=d.querySelectorAll('blockquote[data-secret="'+t.secret+'"]'),o=new RegExp("^https?:$","i"),l=0;l<n.length;l++)n[l].style.display="none";for(l=0;l<i.length;l++)if(r=i[l],e.source!==r.contentWindow);else{if(r.removeAttribute("style"),"height"===t.message){if(1e3<(s=parseInt(t.value,10)))s=1e3;else if(~~s<200)s=200;r.height=s}if("link"===t.message)if(s=d.createElement("a"),a=d.createElement("a"),s.href=r.getAttribute("src"),a.href=t.value,!o.test(a.protocol));else if(a.host===s.host)if(d.activeElement===r)c.top.location.href=t.value}}},e)c.addEventListener("message",c.wp.receiveEmbedMessage,!1),d.addEventListener("DOMContentLoaded",t,!1),c.addEventListener("load",t,!1);function t(){if(o);else{o=!0;for(var e,t,r,s=-1!==navigator.appVersion.indexOf("MSIE 10"),a=!!navigator.userAgent.match(/Trident.*rv:11\./),i=d.querySelectorAll("iframe.wp-embedded-content"),n=0;n<i.length;n++){if(!(r=(t=i[n]).getAttribute("data-secret")))r=Math.random().toString(36).substr(2,10),t.src+="#?secret="+r,t.setAttribute("data-secret",r);if(s||a)(e=t.cloneNode(!0)).removeAttribute("security"),t.parentNode.replaceChild(e,t);t.contentWindow.postMessage({message:"ready",secret:r},"*")}}}}(window,document);
</script>

O teatro, símbolo e local para ascensão e vanglória da burguesia, no séc. XVIII, era local para a ostentação de privilégios dos bem-nascidos mas também espaço de apresentação, de oportunidade para relações ou lançamento de jovens com aspirações a carreira literária e política. Em Lisboa, o Teatro Nacional de S. Carlos foi inaugurado em 1793 [&hellip;]
